{"id":166,"date":"2019-08-20T22:20:55","date_gmt":"2019-08-20T20:20:55","guid":{"rendered":"http:\/\/locationlesrousses.com\/?page_id=166"},"modified":"2019-08-20T22:20:55","modified_gmt":"2019-08-20T20:20:55","slug":"nos-coups-de-coeur","status":"publish","type":"page","link":"https:\/\/locationlesrousses.com\/index.php\/nos-coups-de-coeur\/","title":{"rendered":"Nos coups de coeur"},"content":{"rendered":"<ul>\n<li><strong>Les restaurants :<\/strong><br \/>\nLe golf du Rochat aux Rousses<\/li>\n<li><strong>Les refuges :<\/strong><br \/>\nLe refuge des Adrets \u00e0 Bellecombe<\/li>\n<li><strong>Les visites :<\/strong><br \/>\n&#8211; Le mus\u00e9e de la Boissellerie \u00e0 Bois d&#8217;Amont<br \/>\n&#8211; L&#8217;espace des mondes polaires \u00e0 Pr\u00e9manon. Incontournable pour d\u00e9couvrir la vie des P\u00f4les et celle de Paul-Emile Victor. Il y a en plus la patinoire.<br \/>\n&#8211; Yvoire avec le petit train de la Cure et le bateau pour la travers\u00e9e.<br \/>\n&#8211; Le CERN<\/li>\n<li><strong>D\u00e9coration\/Ameublement :<\/strong><br \/>\nLa Meublerie du bois de l&#8217;Ours aux Rousses<\/li>\n<li><strong>Loisirs :<br \/>\n<\/strong>&#8211; Rando-\u00e2ne \u00e0 Pr\u00e9novel<\/li>\n<\/ul>\n<p>&nbsp;<\/p>\n<p>Cette page sera compl\u00e9t\u00e9e au cours de nos d\u00e9couvertes.<\/p>\n","protected":false},"excerpt":{"rendered":"<p>Les restaurants : Le golf du Rochat aux Rousses Les refuges : Le refuge des&#8230;<\/p>\n<div class=\"more-link-wrapper\"><a class=\"more-link\" href=\"https:\/\/locationlesrousses.com\/index.php\/nos-coups-de-coeur\/\">Read the post<span class=\"screen-reader-text\">Nos coups de coeur<\/span><\/a><\/div>\n","protected":false},"author":1,"featured_media":0,"parent":0,"menu_order":0,"comment_status":"closed","ping_status":"closed","template":"","meta":[],"_links":{"self":[{"href":"https:\/\/locationlesrousses.com\/index.php\/wp-json\/wp\/v2\/pages\/166"}],"collection":[{"href":"https:\/\/locationlesrousses.com\/index.php\/wp-json\/wp\/v2\/pages"}],"about":[{"href":"https:\/\/locationlesrousses.com\/index.php\/wp-json\/wp\/v2\/types\/page"}],"author":[{"embeddable":true,"href":"https:\/\/locationlesrousses.com\/index.php\/wp-json\/wp\/v2\/users\/1"}],"replies":[{"embeddable":true,"href":"https:\/\/locationlesrousses.com\/index.php\/wp-json\/wp\/v2\/comments?post=166"}],"version-history":[{"count":1,"href":"https:\/\/locationlesrousses.com\/index.php\/wp-json\/wp\/v2\/pages\/166\/revisions"}],"predecessor-version":[{"id":167,"href":"https:\/\/locationlesrousses.com\/index.php\/wp-json\/wp\/v2\/pages\/166\/revisions\/167"}],"wp:attachment":[{"href":"https:\/\/locationlesrousses.com\/index.php\/wp-json\/wp\/v2\/media?parent=166"}],"curies":[{"name":"wp","href":"https:\/\/api.w.org\/{rel}","templated":true}]}}