{"id":2,"date":"2017-12-13T16:08:25","date_gmt":"2017-12-13T15:08:25","guid":{"rendered":"http:\/\/locationlesrousses.com\/?page_id=2"},"modified":"2020-12-01T12:14:51","modified_gmt":"2020-12-01T11:14:51","slug":"page-d-exemple","status":"publish","type":"page","link":"https:\/\/locationlesrousses.com\/index.php\/page-d-exemple\/","title":{"rendered":"Votre appartement"},"content":{"rendered":"<p style=\"text-align: center;\"><strong>Le repaire du Loup blanc<\/strong><\/p>\n<div id='gallery-1' class='gallery galleryid-2 gallery-columns-3 gallery-size-thumbnail'><figure class='gallery-item'>\n\t\t\t<div class='gallery-icon landscape'>\n\t\t\t\t<a href='https:\/\/locationlesrousses.com\/index.php\/page-d-exemple\/dsc_0708\/'><img width=\"150\" height=\"150\" src=\"https:\/\/locationlesrousses.com\/wp-content\/uploads\/2017\/12\/DSC_0708-150x150.jpg\" class=\"attachment-thumbnail size-thumbnail\" alt=\"\" loading=\"lazy\" aria-describedby=\"gallery-1-117\" \/><\/a>\n\t\t\t<\/div>\n\t\t\t\t<figcaption class='wp-caption-text gallery-caption' id='gallery-1-117'>\n\t\t\t\tLa r\u00e9sidence du Logis du loup blanc\n\t\t\t\t<\/figcaption><\/figure><figure class='gallery-item'>\n\t\t\t<div class='gallery-icon landscape'>\n\t\t\t\t<a href='https:\/\/locationlesrousses.com\/index.php\/page-d-exemple\/2018-ete-2\/'><img width=\"150\" height=\"150\" src=\"https:\/\/locationlesrousses.com\/wp-content\/uploads\/2019\/08\/2018-\u00e9t\u00e9-2-150x150.jpg\" class=\"attachment-thumbnail size-thumbnail\" alt=\"\" loading=\"lazy\" aria-describedby=\"gallery-1-141\" \/><\/a>\n\t\t\t<\/div>\n\t\t\t\t<figcaption class='wp-caption-text gallery-caption' id='gallery-1-141'>\n\t\t\t\tVenez vous ressourcer\n\t\t\t\t<\/figcaption><\/figure><figure class='gallery-item'>\n\t\t\t<div class='gallery-icon landscape'>\n\t\t\t\t<a href='https:\/\/locationlesrousses.com\/index.php\/page-d-exemple\/dsc_0707\/'><img width=\"150\" height=\"150\" src=\"https:\/\/locationlesrousses.com\/wp-content\/uploads\/2017\/12\/DSC_0707-150x150.jpg\" class=\"attachment-thumbnail size-thumbnail\" alt=\"\" loading=\"lazy\" \/><\/a>\n\t\t\t<\/div><\/figure><figure class='gallery-item'>\n\t\t\t<div class='gallery-icon landscape'>\n\t\t\t\t<a href='https:\/\/locationlesrousses.com\/index.php\/page-d-exemple\/20190212_103213\/'><img width=\"150\" height=\"150\" src=\"https:\/\/locationlesrousses.com\/wp-content\/uploads\/2019\/08\/20190212_103213-150x150.jpg\" class=\"attachment-thumbnail size-thumbnail\" alt=\"\" loading=\"lazy\" aria-describedby=\"gallery-1-146\" \/><\/a>\n\t\t\t<\/div>\n\t\t\t\t<figcaption class='wp-caption-text gallery-caption' id='gallery-1-146'>\n\t\t\t\tOubliez la voiture, le t\u00e9l\u00e9ski est \u00e0 votre porte\n\t\t\t\t<\/figcaption><\/figure><figure class='gallery-item'>\n\t\t\t<div class='gallery-icon landscape'>\n\t\t\t\t<a href='https:\/\/locationlesrousses.com\/index.php\/page-d-exemple\/dsc_0709-2\/'><img width=\"150\" height=\"150\" src=\"https:\/\/locationlesrousses.com\/wp-content\/uploads\/2017\/12\/DSC_0709-1-150x150.jpg\" class=\"attachment-thumbnail size-thumbnail\" alt=\"\" loading=\"lazy\" aria-describedby=\"gallery-1-118\" \/><\/a>\n\t\t\t<\/div>\n\t\t\t\t<figcaption class='wp-caption-text gallery-caption' id='gallery-1-118'>\n\t\t\t\tLieu-dit La Darbella\n\t\t\t\t<\/figcaption><\/figure><figure class='gallery-item'>\n\t\t\t<div class='gallery-icon portrait'>\n\t\t\t\t<a href='https:\/\/locationlesrousses.com\/index.php\/page-d-exemple\/plan\/'><img width=\"150\" height=\"150\" src=\"https:\/\/locationlesrousses.com\/wp-content\/uploads\/2017\/12\/Plan-150x150.jpg\" class=\"attachment-thumbnail size-thumbnail\" alt=\"\" loading=\"lazy\" aria-describedby=\"gallery-1-119\" \/><\/a>\n\t\t\t<\/div>\n\t\t\t\t<figcaption class='wp-caption-text gallery-caption' id='gallery-1-119'>\n\t\t\t\tPlan appartement\n\t\t\t\t<\/figcaption><\/figure><figure class='gallery-item'>\n\t\t\t<div class='gallery-icon landscape'>\n\t\t\t\t<a href='https:\/\/locationlesrousses.com\/index.php\/page-d-exemple\/dsc_0685\/'><img width=\"150\" height=\"150\" src=\"https:\/\/locationlesrousses.com\/wp-content\/uploads\/2017\/12\/DSC_0685-150x150.jpg\" class=\"attachment-thumbnail size-thumbnail\" alt=\"\" loading=\"lazy\" aria-describedby=\"gallery-1-111\" \/><\/a>\n\t\t\t<\/div>\n\t\t\t\t<figcaption class='wp-caption-text gallery-caption' id='gallery-1-111'>\n\t\t\t\tPratique pour faire s\u00e9cher les anoraks\n\t\t\t\t<\/figcaption><\/figure><figure class='gallery-item'>\n\t\t\t<div class='gallery-icon landscape'>\n\t\t\t\t<a href='https:\/\/locationlesrousses.com\/index.php\/page-d-exemple\/dsc_0690\/'><img width=\"150\" height=\"150\" src=\"https:\/\/locationlesrousses.com\/wp-content\/uploads\/2017\/12\/DSC_0690-150x150.jpg\" class=\"attachment-thumbnail size-thumbnail\" alt=\"\" loading=\"lazy\" \/><\/a>\n\t\t\t<\/div><\/figure><figure class='gallery-item'>\n\t\t\t<div class='gallery-icon landscape'>\n\t\t\t\t<a href='https:\/\/locationlesrousses.com\/index.php\/page-d-exemple\/2018-ete-32\/'><img width=\"150\" height=\"150\" src=\"https:\/\/locationlesrousses.com\/wp-content\/uploads\/2019\/08\/2018-\u00e9t\u00e9-32-150x150.jpg\" class=\"attachment-thumbnail size-thumbnail\" alt=\"\" loading=\"lazy\" aria-describedby=\"gallery-1-143\" \/><\/a>\n\t\t\t<\/div>\n\t\t\t\t<figcaption class='wp-caption-text gallery-caption' id='gallery-1-143'>\n\t\t\t\tN&#8217;oubliez pas le Macvin.\n\t\t\t\t<\/figcaption><\/figure><figure class='gallery-item'>\n\t\t\t<div class='gallery-icon landscape'>\n\t\t\t\t<a href='https:\/\/locationlesrousses.com\/index.php\/page-d-exemple\/2018-ete-33\/'><img width=\"150\" height=\"150\" src=\"https:\/\/locationlesrousses.com\/wp-content\/uploads\/2019\/08\/2018-\u00e9t\u00e9-33-150x150.jpg\" class=\"attachment-thumbnail size-thumbnail\" alt=\"\" loading=\"lazy\" \/><\/a>\n\t\t\t<\/div><\/figure><figure class='gallery-item'>\n\t\t\t<div class='gallery-icon landscape'>\n\t\t\t\t<a href='https:\/\/locationlesrousses.com\/index.php\/page-d-exemple\/batterie-cuisine-2\/'><img width=\"150\" height=\"150\" src=\"https:\/\/locationlesrousses.com\/wp-content\/uploads\/2017\/12\/batterie-cuisine-2-150x150.jpg\" class=\"attachment-thumbnail size-thumbnail\" alt=\"\" loading=\"lazy\" \/><\/a>\n\t\t\t<\/div><\/figure><figure class='gallery-item'>\n\t\t\t<div class='gallery-icon landscape'>\n\t\t\t\t<a href='https:\/\/locationlesrousses.com\/index.php\/page-d-exemple\/dsc_0666\/'><img width=\"150\" height=\"150\" src=\"https:\/\/locationlesrousses.com\/wp-content\/uploads\/2017\/12\/DSC_0666-150x150.jpg\" class=\"attachment-thumbnail size-thumbnail\" alt=\"\" loading=\"lazy\" aria-describedby=\"gallery-1-103\" \/><\/a>\n\t\t\t<\/div>\n\t\t\t\t<figcaption class='wp-caption-text gallery-caption' id='gallery-1-103'>\n\t\t\t\tGrand placard dans chacune des chambres\n\t\t\t\t<\/figcaption><\/figure><figure class='gallery-item'>\n\t\t\t<div class='gallery-icon landscape'>\n\t\t\t\t<a href='https:\/\/locationlesrousses.com\/index.php\/page-d-exemple\/dsc_0671\/'><img width=\"150\" height=\"150\" src=\"https:\/\/locationlesrousses.com\/wp-content\/uploads\/2017\/12\/DSC_0671-150x150.jpg\" class=\"attachment-thumbnail size-thumbnail\" alt=\"\" loading=\"lazy\" \/><\/a>\n\t\t\t<\/div><\/figure><figure class='gallery-item'>\n\t\t\t<div class='gallery-icon landscape'>\n\t\t\t\t<a href='https:\/\/locationlesrousses.com\/index.php\/page-d-exemple\/dsc_0674\/'><img width=\"150\" height=\"150\" src=\"https:\/\/locationlesrousses.com\/wp-content\/uploads\/2017\/12\/DSC_0674-150x150.jpg\" class=\"attachment-thumbnail size-thumbnail\" alt=\"\" loading=\"lazy\" aria-describedby=\"gallery-1-107\" \/><\/a>\n\t\t\t<\/div>\n\t\t\t\t<figcaption class='wp-caption-text gallery-caption' id='gallery-1-107'>\n\t\t\t\tLa Darbella chambre 1\n\t\t\t\t<\/figcaption><\/figure><figure class='gallery-item'>\n\t\t\t<div class='gallery-icon landscape'>\n\t\t\t\t<a href='https:\/\/locationlesrousses.com\/index.php\/page-d-exemple\/dsc_0676\/'><img width=\"150\" height=\"150\" src=\"https:\/\/locationlesrousses.com\/wp-content\/uploads\/2017\/12\/DSC_0676-150x150.jpg\" class=\"attachment-thumbnail size-thumbnail\" alt=\"\" loading=\"lazy\" aria-describedby=\"gallery-1-108\" \/><\/a>\n\t\t\t<\/div>\n\t\t\t\t<figcaption class='wp-caption-text gallery-caption' id='gallery-1-108'>\n\t\t\t\tLa Darbella\n\t\t\t\t<\/figcaption><\/figure><figure class='gallery-item'>\n\t\t\t<div class='gallery-icon landscape'>\n\t\t\t\t<a href='https:\/\/locationlesrousses.com\/index.php\/page-d-exemple\/20190813_104809_1565688853343\/'><img width=\"150\" height=\"150\" src=\"https:\/\/locationlesrousses.com\/wp-content\/uploads\/2019\/08\/20190813_104809_1565688853343-150x150.jpg\" class=\"attachment-thumbnail size-thumbnail\" alt=\"\" loading=\"lazy\" aria-describedby=\"gallery-1-148\" \/><\/a>\n\t\t\t<\/div>\n\t\t\t\t<figcaption class='wp-caption-text gallery-caption' id='gallery-1-148'>\n\t\t\t\tLa D\u00f4le chambre 2\n\t\t\t\t<\/figcaption><\/figure><figure class='gallery-item'>\n\t\t\t<div class='gallery-icon landscape'>\n\t\t\t\t<a href='https:\/\/locationlesrousses.com\/index.php\/page-d-exemple\/dsc_0668\/'><img width=\"150\" height=\"150\" src=\"https:\/\/locationlesrousses.com\/wp-content\/uploads\/2017\/12\/DSC_0668-150x150.jpg\" class=\"attachment-thumbnail size-thumbnail\" alt=\"\" loading=\"lazy\" aria-describedby=\"gallery-1-104\" \/><\/a>\n\t\t\t<\/div>\n\t\t\t\t<figcaption class='wp-caption-text gallery-caption' id='gallery-1-104'>\n\t\t\t\tLes Tuffes chambre 3\n\t\t\t\t<\/figcaption><\/figure><figure class='gallery-item'>\n\t\t\t<div class='gallery-icon landscape'>\n\t\t\t\t<a href='https:\/\/locationlesrousses.com\/index.php\/page-d-exemple\/2018-ete-21\/'><img width=\"150\" height=\"150\" src=\"https:\/\/locationlesrousses.com\/wp-content\/uploads\/2019\/08\/2018-\u00e9t\u00e9-21-150x150.jpg\" class=\"attachment-thumbnail size-thumbnail\" alt=\"\" loading=\"lazy\" aria-describedby=\"gallery-1-142\" \/><\/a>\n\t\t\t<\/div>\n\t\t\t\t<figcaption class='wp-caption-text gallery-caption' id='gallery-1-142'>\n\t\t\t\tLes Tuffes\n\t\t\t\t<\/figcaption><\/figure>\n\t\t<\/div>\n\n<p style=\"text-align: center;\">Notre appartement, au c\u0153ur du Parc r\u00e9gional,<br \/>\nvous permettra de profiter d&#8217;une nature g\u00e9n\u00e9reuse avec tout le confort que vous esp\u00e9rez.<\/p>\n<p>Station des Rousses, \u00e0 Pr\u00e9manon 39220. Au pied des pistes de ski alpin et de fond, t\u00e9l\u00e9ski \u00e0 50 m sans traverser de route.<br \/>\nGrand Appartement*** (6 personnes) de76 m\u00b2 + 15 m\u00b2 de balcon plein sud.<\/p>\n<p>L&#8217;appartement se compose de :<br \/>\nCuisine ouverte sur s\u00e9jour, 2 WC, 2 SdB.<br \/>\n3 chambres ind\u00e9pendantes :<br \/>\n1\u00e8re : 2 lits de 90 x 190 cm , 2\u00e8me : 1 lit de 140 x 190 cm, 3\u00e8me : 1 lit de 160 x 200 cm.<br \/>\n\u00c9quipements int\u00e9rieurs : T\u00e9l\u00e9vision, Wi-fi, lave-vaisselle, r\u00e9frig\u00e9rateur, lave-linge, s\u00e8che-linge commun, cafeti\u00e8re, expresso, appareil raclette, gaufrier, robot-m\u00e9nager&#8230;<br \/>\nLit parapluie, chaise haute, r\u00e9hausseur.<\/p>\n<p>Parking ext\u00e9rieur.<\/p>\n<p>Services suppl\u00e9mentaires sur demande :<br \/>\nFourniture des draps, serviettes de bain, tapis de sol.<br \/>\nM\u00e9nage de fin de s\u00e9jour.<\/p>\n<p>A bient\u00f4t dans le Jura !<\/p>\n","protected":false},"excerpt":{"rendered":"<p>Le repaire du Loup blanc Notre appartement, au c\u0153ur du Parc r\u00e9gional, vous permettra de&#8230;<\/p>\n<div class=\"more-link-wrapper\"><a class=\"more-link\" href=\"https:\/\/locationlesrousses.com\/index.php\/page-d-exemple\/\">Read the post<span class=\"screen-reader-text\">Votre appartement<\/span><\/a><\/div>\n","protected":false},"author":1,"featured_media":70,"parent":0,"menu_order":0,"comment_status":"closed","ping_status":"closed","template":"","meta":[],"_links":{"self":[{"href":"https:\/\/locationlesrousses.com\/index.php\/wp-json\/wp\/v2\/pages\/2"}],"collection":[{"href":"https:\/\/locationlesrousses.com\/index.php\/wp-json\/wp\/v2\/pages"}],"about":[{"href":"https:\/\/locationlesrousses.com\/index.php\/wp-json\/wp\/v2\/types\/page"}],"author":[{"embeddable":true,"href":"https:\/\/locationlesrousses.com\/index.php\/wp-json\/wp\/v2\/users\/1"}],"replies":[{"embeddable":true,"href":"https:\/\/locationlesrousses.com\/index.php\/wp-json\/wp\/v2\/comments?post=2"}],"version-history":[{"count":7,"href":"https:\/\/locationlesrousses.com\/index.php\/wp-json\/wp\/v2\/pages\/2\/revisions"}],"predecessor-version":[{"id":170,"href":"https:\/\/locationlesrousses.com\/index.php\/wp-json\/wp\/v2\/pages\/2\/revisions\/170"}],"wp:featuredmedia":[{"embeddable":true,"href":"https:\/\/locationlesrousses.com\/index.php\/wp-json\/wp\/v2\/media\/70"}],"wp:attachment":[{"href":"https:\/\/locationlesrousses.com\/index.php\/wp-json\/wp\/v2\/media?parent=2"}],"curies":[{"name":"wp","href":"https:\/\/api.w.org\/{rel}","templated":true}]}}